 highest common divisor of b and 8.
1
Let s = 125 - 57. Let i = -40 + s. Calculate the highest common factor of i and 42.
14
Suppose -y = 5*q - 4*y - 106, -5*y + 84 = 3*q. Let i = -11 + q. Let d(p) = -24*p + 72. Let x be d(1). Calculate the highest common factor of i and x.
12
Let u(x) = x + 6. Let p be u(-6). Suppose -m = 3*q - 170, p = 3*m - 0*m + q - 526. Suppose -2*a + m = -0*a. What is the greatest common divisor of 22 and a?
22
Suppose -2*o + 356 = -4*t + 6*t, -5*o = -5*t - 930. What is the greatest common divisor of o and 91?
91
Let s = 261 + -237. Calculate the highest common factor of 36 and s.
12
Let h(l) = 3*l + 3. Let u(n) = 2*n**2 + 41*n + 21. Let f be u(-20). Let v be h(f). What is the highest common factor of v and 90?
6
Suppose 55*o - 22200 = 18*o. Calculate the greatest common factor of 40 and o.
40
Let w = -66 - -66. Suppose 2*v + 7 = i - w*i, v - 90 = -5*i. What is the greatest common factor of i and 51?
17
Suppose u - 3*p - 18 = 0, 6*u - 4*u + 3*p - 54 = 0. Suppose u*j = 25*j - 50. What is the highest common factor of j and 20?
10
Suppose 9 = 3*r - 0*r. Suppose -r*w = 5*w - 88. What is the greatest common factor of 1 and w?
1
Let w be (1 + -10)*-3*1. Let v = -17 + 26. Calculate the highest common divisor of v and w.
9
Suppose 15*w + 1512 = 24*w. What is the highest common divisor of 21 and w?
21
Let w = 394 + -151. Calculate the greatest common factor of 9 and w.
9
Suppose 0*z - z = -27. Let f be 14/((-560)/(-90))*8. Calculate the highest common factor of z and f.
9
Suppose 0 = -y + 4*y - 129. Suppose y = d - 1. What is the highest common factor of 132 and d?
44
Let w = 100 - -72. Let u = w + -109. What is the greatest common divisor of 9 and u?
9
Let d = -542 - -617. Let n be 2/(-4)*2/(-1). Let s be 15/12*(n + 11). What is the highest common divisor of d and s?
15
Suppose 2*z = y - 114, 4*y + 0*z + z - 429 = 0. What is the greatest common factor of y and 1836?
108
Suppose -6 = 2*x - 14. Suppose 39 = x*q - 1. What is the greatest common factor of 30 and q?
10
Suppose 3*h - 140 = 2*x, 3*h - 4*x + 204 = 8*h. What is the greatest common divisor of h and 44?
44
Let h be 73/5 - (-2)/5. Suppose 0 = 4*b + 226 - 286. Calculate the greatest common divisor of b and h.
15
Let u be (-4 - -45) + (0 - 0). Let z = u + -11. Suppose -g + z = 11. What is the greatest common divisor of g and 38?
19
Suppose -i + 1182 = 3*j + 4*i, 2*i = j - 405. Let o = j - 194. Calculate the greatest common factor of o and 82.
41
Suppose 0 = -4*v - 5*j + 304, j = -v + 2*j + 85. Suppose 2*q + 27 = 5*q. What is the highest common factor of q and v?
9
Let c = 5764 + -5763. Let n(d) = d**2 - 6*d + 2. Let t be n(7). What is the highest common divisor of t and c?
1
Let w(m) = m**2 - m + 5. Let u be w(0). Let h(a) = 36*a - 12. Let n be h(u). Let r = 22 - -2. Calculate the highest common factor of r and n.
24
Suppose 0*y = y. Let i = 8 - y. Suppose -4*o = -5*x - 86 + 17, 28 = 2*o + 4*x. What is the highest common divisor of i and o?
8
Suppose b = 4 - 34. Let r = b - -56. What is the highest common divisor of 234 and r?
26
Suppose -7 = s + 23. Let o = s - -166. Let j = o - 61. What is the greatest common factor of 15 and j?
15
Let y(c) = -8*c - 4. Let i(o) = -2*o**2 + 9*o - 2. Let g be i(5). Let v be y(g). What is the highest common divisor of v and 13?
13
Let v(h) = h**3 + h**2 + h - 7. Let a be v(3). What is the greatest common divisor of a and 48?
16
Suppose -5*j = -20*j + 30. Suppose 4*u + 8 = 0, u = j*b - 3*b + 250. Calculate the highest common factor of b and 28.
28
Suppose 172 = -27*o + 3439. What is the greatest common factor of o and 275?
11
Suppose -3*o = 3*j - 999, -2*j + 2*o = 155 - 817. What is the highest common factor of 4 and j?
4
Let z be -50*2*10/(-50). Let o(g) = 23*g + 2. Let y = 13 + -7. Let q be o(y). Calculate the greatest common divisor of z and q.
20
Let w = 1254 + -1182. Calculate the greatest common factor of w and 66.
6
Suppose 4*j = 2*k - 130, 196 - 581 = -5*k - 2*j. Let l = k - 68. What is the highest common divisor of 7 and l?
7
Let f be (-4)/8*0*(-3 + 4). Suppose 4*u = -0*x - 4*x + 32, 5*u = f. What is the greatest common factor of 64 and x?
8
Let z(v) = 13*v + 7. Let j be z(5). Let w = -41 + j. Let r(l) = 3*l**2 - 21*l + 39. Let i be r(9). What is the highest common divisor of i and w?
31
Let t(u) = u**2 + u - 1. Let z be t(3). Let j be ((-348)/(-9) - 2)*(-9)/15*-5. What is the greatest common factor of z and j?
11
Let k = -140 - -232. Suppose 265 = 3*i + y, -3*y - y + k = i. Calculate the greatest common factor of i and 8.
8
Suppose -3*r + 0*q - 2*q + 47 = 0, -3*r + 50 = 5*q. What is the highest common factor of r and 45?
15
Let w = -23 - -22. Let c = 10 - w. What is the greatest common divisor of c and 121?
11
Let d(j) = 221*j + 5103. Let r be d(-23). Suppose -5*n = 4 - 24. Calculate the highest common divisor of r and n.
4
Let i(v) = 8*v**2 - 2*v - 4. Let g be i(-3). What is the greatest common factor of 1073 and g?
37
Suppose 149*p - 222*p + 1825 = 0. Let u(j) = -11*j**2 + 2. Let h be u(-3). Let b = 178 - h. Calculate the greatest common divisor of b and p.
25
Let o be 10/(-1) + 2 + 2. Let w be (2 + (-3)/2)*o - -7. Calculate the greatest common factor of w and 10.
2
Let a be (5 - 9) + 5 + -1. Suppose -3*j + 11 = -2*m, 11 = -4*m - a*m - 5*j. Let n be 30 + 0 + 4 + m. What is the highest common factor of 120 and n?
30
Let f be -9*(-44)/12*1 + -3. Calculate the greatest common factor of 105 and f.
15
Let d(s) = s**2 - 2*s - 6. Let z be d(-4). Suppose 117*x + 2*x - 16362 = 18*x. Calculate the greatest common divisor of x and z.
18
Let a = -654 + 1218. Let s = -203 + a. Suppose 4*h - s - 39 = 0. What is the greatest common divisor of 25 and h?
25
Suppose 2*z - 26 = 128. What is the greatest common factor of 14 and z?
7
Suppose -2*j = -4*j + 10. Suppose -5*x - l = -5*l - 163, -20 = -x + 5*l. Calculate the highest common divisor of j and x.
5
Let k = -43 + 78. Calculate the highest common divisor of k and 30.
5
Let d(q) = -3*q - 22. Let l be d(-9). Let h = 31 + l. Suppose -5*z - 11 = -h. What is the highest common factor of 25 and z?
5
Suppose -4*s + 29 = -5*c, -12*s - 14 = -13*s - c. Calculate the greatest common divisor of s and 1.
1
Suppose -2*z = 2*f + z - 10, 0 = f - 3*z - 5. Suppose 0 = g + 2, -f*g - 101 = -2*j - 19. Calculate the highest common divisor of j and 90.
18
Suppose -q = -5*a + 7*a - 20, 4*a = -5*q + 82. Suppose -1294 - 368 = -5*z - v, v - 2 = 0. Let t be 2/8 - z/(-16). What is the highest common factor of q and t?
7
Let h be -3*(-5)/(-2)*8/(-6). Let a = 9 + 1. What is the highest common factor of a and h?
10
Let q be 18*((-7)/(-3) - 1). Let w be (-75088)/(-2128) - (-5)/7. What is the highest common factor of q and w?
12
Suppose -q - 5*j + 172 = 3*q, -3*q + 4*j + 129 = 0. Let g = q + -42. What is the highest common factor of 2 and g?
1
Let f(s) = -9*s + 3. Let o be f(-1). Suppose 5*v + g - 5 = 145, -v + 30 = g. What is the highest common divisor of o and v?
6
Suppose -1385 + 1898 = 9*c. Calculate the greatest common divisor of c and 2679.
57
Suppose -5*y + 27 = -2*y - 3*n, 2*y = -5*n + 11. Calculate the highest common divisor of 72 and y.
8
Let r = -36 - -72. Let g be (-238)/(-18) - 1*8/r. What is the greatest common divisor of g and 26?
13
Let k(x) = -3*x + 39. Let p be k(-12). Calculate the greatest common divisor of p and 100.
25
Suppose -168*m - 193*m - 5445 = -406*m. Let w be (-18)/(-2) + 1 + 1. What is the highest common divisor of w and m?
11
Suppose -2*h - 3 = -5*v, -12*v = -4*h - 13*v + 27. Let y = 18 + -25. Let d = y + 73. Calculate the highest common divisor of d and h.
6
Let g(u) = 37*u**2 + 3*u + 2. Let k = 2 - 4. Let n be g(k). Let h be (-12)/(-6) - (-32)/2. Calculate the greatest common divisor of h and n.
18
Suppose -3*f + 5*g + 127 = 0, -5*f = 3*g - 0*g - 155. Let u = f - 25. Let v(l) = -l - 5. Let b be v(-6). What is the greatest common divisor of b and u?
1
Suppose 8 = s + 3*g - 3, -4*g = -3*s - 6. Let w be (11/22)/(s/32). Calculate the highest common divisor of w and 88.
8
Let d(v) = v**3 + 15*v**2 + 17*v + 4. Let p be d(-11). What is the greatest common factor of p and 129?
43
Let q = 208 + -179. Let c(u) = 7*u + 18. Let a be c(14). Calculate the greatest common factor of q and a.
29
Let a(v) = -10